rime factors of h.
2, 11, 37
Let b be 1/(2*(-4)/(-16)). Let s be ((-15)/1 + b)*-5. Suppose 0 = -5*y + 4*y + s. What are the prime factors of y?
5, 13
Let g(a) be the second derivative of 179*a**5/10 + 11*a**3/6 - 6*a**2 + 151*a. What are the prime factors of g(1)?
3, 7, 17
Let l be (29*(-11)/3)/((-4)/36). Let f = 2065 - l. List the prime factors of f.
2, 277
Suppose 4*g = 9*g - 55. Suppose g*n + 158 = 13*n. Let f = n + 47. List the prime factors of f.
2, 3, 7
Suppose -12692093 = -284*i - 286*i - 429113. What are the prime factors of i?
2, 31, 347
Suppose -8*x - 4 = -20. Let h(o) = -2 + 9*o + 15*o**x - 12*o - 5*o**2 + 4*o**2. List the prime factors of h(3).
5, 23
Suppose 0 = -3*s - 3*n + 2475, 3*n - 1920 + 272 = -2*s. Suppose 0 = 12*v - 11879 + s. List the prime factors of v.
3, 307
Let d(f) = -2*f + 3. Let t be d(-4). Let o = 11 - t. Suppose o = -16*z + 11*z + 930. List the prime factors of z.
2, 3, 31
Let w(l) = -52*l + 41. Let a be w(-7). Suppose 0 = 4*r + r + 10. What are the prime factors of a/21 - r/(-7)?
19
Suppose 4*q = -5*t - 5896 + 49264, -q = -5*t + 43358. What are the prime factors of t?
2, 271
Let z be 6*(-6)/(-18) - -2. Suppose 5*r - 4560 = -5*a, -4340 = -z*a + 3*r - 713. What are the prime factors of a?
3, 101
Suppose 11*t - 8*t - 16167 = -2*b, -b = -t - 8081. What are the prime factors of b?
2, 3, 449
Let s(v) = -76*v - 13. Let r be s(-6). Let j = r - 241. What are the prime factors of j?
2, 101
Let v(p) = p**2 - p - 5. Let y be v(0). Let x = -3 - y. Suppose x*j - 7*j + 480 = 0. List the prime factors of j.
2, 3
List the prime factors of (-12 + 52132 + -15)*1.
5, 17, 613
Let a = 929 + -968. Suppose -390 = 5*x - 7*x + 5*n, -4*x + 724 = 4*n. Let l = x + a. List the prime factors of l.
2, 73
Suppose 2*k = 3*f - 2*f + 547, -2*f = 4*k - 1090. Let y = -52 + k. List the prime factors of y.
13, 17
Let a(f) = -9 + f**3 + 0*f**2 - 41*f + 34*f + 2*f**2. Let g be a(-3). Suppose -k = 4*z - 3, -g*k - k = 2*z - 26. List the prime factors of k.
7
Suppose -2*t + 328 = 324. Suppose -3*d + 5*z = -1426, -t*d - 4*z + 272 + 708 = 0. List the prime factors of d.
2, 241
Let w = 171 - 162. Suppose 2679 = w*c + 1068. List the prime factors of c.
179
Suppose 2*m = -3*g - 171, -m + g - 453 = 4*m. Let b = m + 838. What are the prime factors of b?
2, 11, 17
Let a(p) = -p**3 - 4*p**2 + 13*p + 1. Let s be a(4). Let g = s - -81. Let w(v) = 6*v**2 + v + 4. List the prime factors of w(g).
2, 113
Let i(n) = 4*n - 2. Let h be i(2). Let s(w) = -12*w - 17. Let b(c) = -24*c - 35. Let t(u) = 4*b(u) - 9*s(u). What are the prime factors of t(h)?
5, 17
Suppose -458*a = -456*a + 16. Let p(z) be the second derivative of z**4/4 + 4*z**3/3 + 8*z**2 + 3*z. List the prime factors of p(a).
2, 3
Let f(i) = -4*i**3 + 3*i**2 + i + 118. Suppose -5*h = -5*h - 5*h. What are the prime factors of f(h)?
2, 59
Let t(z) = 7*z - 19. Let s be t(3). What are the prime factors of -2 + s - -4 - (11 - 542)?
5, 107
Let i(r) = 11*r**3 + 3*r**2 - 8*r - 20. Let m be i(9). Suppose -24797 = -33*s + m. List the prime factors of s.
3, 37
Suppose -3092 = -17*c + 393. List the prime factors of c.
5, 41
Let z(a) = 6*a**3 - 260*a**2 + 49*a + 15. List the prime factors of z(45).
2, 3, 5, 7, 107
Let r(i) = -17*i**2 + i**3 - 4*i**3 + 2*i**3 - 4 - 4. Let l be r(-17). Let v(h) = -5*h + 10. What are the prime factors of v(l)?
2, 5
Suppose 6*s = 7 - 13. Let q be (13224/(-30))/(s*3/(-15)). What are the prime factors of (-24)/60 + q/(-10)?
2, 5, 11
Let m = -671 - -2240. Let r be (-4)/(-6) + 2 + m/9. Let d = r - 123. List the prime factors of d.
2, 3
Let b(j) = -25751*j + 1364. List the prime factors of b(-1).
5, 11, 17, 29
Let j(o) = 9*o**2 - 3*o - 16. Suppose 3*c + 47 = 26. Let f be j(c). Suppose f = 4*t + 2*w, 2*t + 4*w - 115 = t. What are the prime factors of t?
3, 37
Suppose 86*a - 320583 + 18035 = 0. What are the prime factors of a?
2, 1759
Suppose -6*x - 11 + 29 = 0. Let w = 6 - x. List the prime factors of (-4)/w + 1520/15.
2, 5
Suppose -22*d + 6782 = -20036. Let o = d + 146. What are the prime factors of o?
3, 5, 7, 13
Let h = 3079 + -1747. Suppose w + 3*b - h = 0, 0 = -5*w - 5*b + 1428 + 5202. What are the prime factors of w?
3, 7
Let o(u) = -35*u**2 - 7*u + 90. Let y(h) = -19*h**2 - 4*h + 46. Let i(v) = -6*o(v) + 11*y(v). List the prime factors of i(-13).
7, 23
Let o be ((-8)/(-1))/(-2 + 1 - -3). Suppose 12 = o*l - 1520. What are the prime factors of l?
383
Let c(f) = -6*f - 14. Let l(j) = 3*j + 7. Let n(z) = 4*c(z) + 7*l(z). Let p be n(-3). Suppose -8*s + 1010 = p*s. What are the prime factors of s?
101
Suppose 0*o = o - t + 69, 3*o - t + 217 = 0. Let m = 313 + o. Suppose 34 = -5*x + m. List the prime factors of x.
41
Suppose -2*u - 3*f + 1 + 23 = 0, 5*u = -4*f + 53. Suppose -8*h = -u - 1799. Let q = -115 + h. What are the prime factors of q?
3, 37
Let r(m) = -4*m**3 + 30*m**2 + 80*m - 37. What are the prime factors of r(-14)?
3, 5233
Let f(k) = -k**3 + 15*k**2 + 13*k - 12. Let r be f(15). Let a = -66 + r. Suppose -13*x = -208 - a. What are the prime factors of x?
5
Suppose -6*f + 3*f = -4*y + 6033, 3*y - 4523 = 4*f. List the prime factors of y.
3, 503
Let q(n) = -4*n + 20. Let r be q(5). Suppose 3*o + r*c = 3*c + 27, -c = o - 5. Let k(h) = -h**3 + 11*h**2 - 9*h + 11. List the prime factors of k(o).
2, 3
What are the prime factors of 6395 - (15 + -155)/(-10)?
3, 709
Let m = 15772 - -48133. Let l be -2*3/30 - m/(-25). Suppose l + 1800 = 18*j. List the prime factors of j.
2, 11
Let c be 12/(-18) + 1154/(-6). Let q = c + 426. Suppose -m + 435 = -0*x + 5*x, 5*m = 3*x - q. List the prime factors of x.
2, 43
Let i be -1*0*((-7)/2)/(-7). Suppose -7*n + 574 = -i*n. Let v = n - 26. What are the prime factors of v?
2, 7
Let r(q) = -368*q - 2147. What are the prime factors of r(-30)?
8893
Suppose -8*x - 3*t = -5*t - 162760, -5*x + 101711 = -3*t. List the prime factors of x.
20347
Let q be (-3)/(-5) - (-8)/20 - -4. Suppose -q*n = -3*i + 613, 0 = -i - 10*n + 7*n + 195. List the prime factors of i.
3, 67
Let u = 10 - -17. Let p(o) be the third derivative of o**6/120 - 13*o**5/30 - 7*o**4/6 + 31*o**3/6 + 1812*o**2. What are the prime factors of p(u)?
2
Let a be (-498)/(-12)*(0 + 2). Let k be (-72 + 2)*(-28)/10 - -5. Let h = k - a. List the prime factors of h.
2, 59
Let m(v) = -4047*v + 12308. What are the prime factors of m(-6)?
2, 5, 3659
What are the prime factors of (71 - 6191)*(1 + 4*3/(-6))?
2, 3, 5, 17
Suppose -3*f - 2*d = 18, 12*f - 7*f + 5*d + 30 = 0. Let v(x) = 24*x**2 - 27*x - 192. What are the prime factors of v(f)?
2, 3, 139
Suppose -2*z + 2548 + 1118 = 0. Suppose -1448 = 1832*q - z*q. List the prime factors of q.
2, 181
Let m(z) = -z**3 - 25*z**2 - 52*z - 49. Let k be m(-22). Let s = -295 - k. What are the prime factors of s?
2, 31
Let a be (7 + (2 - -10))/((-2)/12). What are the prime factors of (7 - 1)*-50*57/a?
2, 3, 5
Let a(k) = 34*k**3 + 2*k**2 - 5. Let y be a(-2). Let i = y + 516. What are the prime factors of i?
13, 19
Let a = -21548 + 100219. List the prime factors of a.
151, 521
Let y(w) be the first derivative of 30*w**2 - 9*w + 117. What are the prime factors of y(6)?
3, 13
Let i(y) = -5*y - 40. Let w be i(-8). Suppose w = h - 13*h + 5880. List the prime factors of h.
2, 5, 7
Let l be (-3 + (-21)/(-6))/(3/(-24)). Let c be (-944)/l - (3 + 1). Suppose -c - 140 = -3*y. List the prime factors of y.
2, 31
Suppose n - 18204 - 25656 - 6386 = 0. List the prime factors of n.
2, 7, 37, 97
Let x = -16 + 31. Let r = x - 5. Suppose -r*d + 11*d - 57 = 0. List the prime factors of d.
3, 19
Let z(q) = 2028*q + 2985. List the prime factors of z(6).
3, 5051
List the prime factors of (-9744072)/(-260) - (-16)/(-5).
2, 41, 457
What are the prime factors of (-54)/((-2019)/288 - -7)?
2, 3
Let w(z) = -z**3 + 39*z**2 + 43*z - 100. Let y be w(40). Suppose 13814 = y*h + 4014. What are the prime factors of h?
2, 5, 7
Let i = 50 - 47. Suppose 255 = i*s - 0*c - 4*c, 0 = 4*s - 5*c - 340. Suppose 8*a - s = -21. List the prime factors of a.
2
Suppose -f - 15 = -5*x + 8, -f + 3*x = 13. Suppose 4*d = 3*p - 4*p - 20, -f*p + 3*d + 15 = 0. Suppose 15*w - 13*w - 378 = p. List the prime factors of w.
3, 7
Suppose -2*a - a + 897 = 0. Suppose 5*z - 2*s - 108 = 4*z, -3*z + a = -s. Let v = z - -4. List the prime factors of v.
2, 3, 1